{"id":53,"date":"2025-03-31T08:15:22","date_gmt":"2025-03-31T06:15:22","guid":{"rendered":"https:\/\/amar.yamedia.fi\/OyHMolander\/wordpress\/?page_id=53"},"modified":"2025-03-31T08:15:22","modified_gmt":"2025-03-31T06:15:22","slug":"historia","status":"publish","type":"page","link":"https:\/\/amar.yamedia.fi\/OyHMolander\/wordpress\/historia\/","title":{"rendered":"Historia fr\u00e5n \u00d6sterbotten"},"content":{"rendered":"\n<figure class=\"wp-block-gallery aligncenter has-nested-images columns-default is-cropped wp-block-gallery-2 is-layout-flex wp-block-gallery-is-layout-flex\">\n<figure class=\"wp-block-image size-large is-style-default wp-duotone-unset-1\"><a href=\"https:\/\/www.hmolander.fi\/\"><img loading=\"lazy\" decoding=\"async\" width=\"1024\" height=\"768\" data-id=\"54\" src=\"https:\/\/amar.yamedia.fi\/OyHMolander\/wordpress\/wp-content\/uploads\/2025\/03\/redigerad6-1-1024x768.jpg\" alt=\"Foto av lastbil som anv\u00e4nds vid grustransport\" class=\"wp-image-54\" srcset=\"https:\/\/amar.yamedia.fi\/OyHMolander\/wordpress\/wp-content\/uploads\/2025\/03\/redigerad6-1-1024x768.jpg 1024w, https:\/\/amar.yamedia.fi\/OyHMolander\/wordpress\/wp-content\/uploads\/2025\/03\/redigerad6-1-300x225.jpg 300w, https:\/\/amar.yamedia.fi\/OyHMolander\/wordpress\/wp-content\/uploads\/2025\/03\/redigerad6-1-768x576.jpg 768w, https:\/\/amar.yamedia.fi\/OyHMolander\/wordpress\/wp-content\/uploads\/2025\/03\/redigerad6-1-1536x1152.jpg 1536w, https:\/\/amar.yamedia.fi\/OyHMolander\/wordpress\/wp-content\/uploads\/2025\/03\/redigerad6-1-1140x855.jpg 1140w, https:\/\/amar.yamedia.fi\/OyHMolander\/wordpress\/wp-content\/uploads\/2025\/03\/redigerad6-1.jpg 2048w\" sizes=\"auto, (max-width: 1024px) 100vw, 1024px\" \/><\/a><\/figure>\n<\/figure>\n\n\n\n<p><\/p>\n\n\n\n<p class=\"has-text-align-center\">Det var min pappa, Hilding Molander, som lade grunden f\u00f6r v\u00e5rt familjef\u00f6retag n\u00e4r han \u00e5r 1951 k\u00f6pte sin f\u00f6rsta lastbil. Med h\u00e5rt arbete och stort engagemang byggde han successivt upp verksamheten, som till en b\u00f6rjan drevs som ett privatbolag i \u00d6sterbotten. Under de f\u00f6rsta decennierna var verksamheten fr\u00e4mst inriktad p\u00e5 transport, och f\u00f6retaget blev snabbt en etablerad akt\u00f6r i branschen. \u00c5r 1981 togs ett stort steg i f\u00f6retagets utveckling n\u00e4r det ombildades till kommanditbolaget Ky H Molander Kb. Vid den tiden hade min \u00e4ldsta bror redan b\u00f6rjat arbeta sida vid sida med v\u00e5r far, och tillsammans fortsatte de att utveckla verksamheten.<\/p>\n\n\n\n<div class=\"wp-block-group is-content-justification-center is-nowrap is-layout-flex wp-container-core-group-is-layout-94bc23d7 wp-block-group-is-layout-flex\"><\/div>\n\n\n<div class=\"wp-block-image\">\n<figure class=\"aligncenter size-large\"><a href=\"https:\/\/www.hmolander.fi\/\"><img loading=\"lazy\" decoding=\"async\" width=\"1024\" height=\"768\" src=\"https:\/\/amar.yamedia.fi\/OyHMolander\/wordpress\/wp-content\/uploads\/2025\/03\/redigerad15-1024x768.jpg\" alt=\"foto av lastbils sl\u00e4p\" class=\"wp-image-99\" title=\"dekorativ bild\" srcset=\"https:\/\/amar.yamedia.fi\/OyHMolander\/wordpress\/wp-content\/uploads\/2025\/03\/redigerad15-1024x768.jpg 1024w, https:\/\/amar.yamedia.fi\/OyHMolander\/wordpress\/wp-content\/uploads\/2025\/03\/redigerad15-300x225.jpg 300w, https:\/\/amar.yamedia.fi\/OyHMolander\/wordpress\/wp-content\/uploads\/2025\/03\/redigerad15-768x576.jpg 768w, https:\/\/amar.yamedia.fi\/OyHMolander\/wordpress\/wp-content\/uploads\/2025\/03\/redigerad15-1536x1152.jpg 1536w, https:\/\/amar.yamedia.fi\/OyHMolander\/wordpress\/wp-content\/uploads\/2025\/03\/redigerad15-1140x855.jpg 1140w, https:\/\/amar.yamedia.fi\/OyHMolander\/wordpress\/wp-content\/uploads\/2025\/03\/redigerad15.jpg 2048w\" sizes=\"auto, (max-width: 1024px) 100vw, 1024px\" \/><\/a><\/figure>\n<\/div>\n\n\n<p class=\"has-text-align-center\"><br>Med \u00e5ren ut\u00f6kades f\u00f6retagets tj\u00e4nster f\u00f6r att m\u00f6ta kundernas behov. F\u00f6rutom transport b\u00f6rjade vi erbjuda grus- och sn\u00f6arbeten, vilket blev en viktig del av v\u00e5r verksamhet. Dessa tj\u00e4nster \u00e4r s\u00e4rskilt viktiga under de str\u00e4nga vintrarna i Kokkola, d\u00e4r vi hj\u00e4lper b\u00e5de f\u00f6retag och privatpersoner med sn\u00f6r\u00f6jning och halkbek\u00e4mpning. Under sommarhalv\u00e5ret arbetar vi mycket med leverans och spridning av grus och annat material f\u00f6r bygg- och anl\u00e4ggningsprojekt.<\/p>\n\n\n\n<p class=\"has-text-align-center\">N\u00e4r min far gick i pension fortsatte min bror att driva f\u00f6retaget, och han f\u00f6rvaltade det v\u00e4l fram till sin egen pensions\u00e5lder. \u00c5r 2014 tog jag \u00f6ver verksamheten, och i samband med detta ombildades bolaget till aktiebolaget Oy H Molander Ab. Genom att satsa p\u00e5 modern utrustning och ut\u00f6ka v\u00e5ra tj\u00e4nster har vi kunnat st\u00e4rka v\u00e5r position p\u00e5 marknaden i Kokkola, \u00d6sterbotten med omnejd.<\/p>\n\n\n\n<div class=\"wp-block-group is-nowrap is-layout-flex wp-container-core-group-is-layout-ad2f72ca wp-block-group-is-layout-flex\"><\/div>\n\n\n<div class=\"wp-block-image\">\n<figure class=\"aligncenter size-large\"><a href=\"https:\/\/www.hmolander.fi\/\"><img loading=\"lazy\" decoding=\"async\" width=\"1024\" height=\"768\" src=\"https:\/\/amar.yamedia.fi\/OyHMolander\/wordpress\/wp-content\/uploads\/2025\/03\/redigerad18-1024x768.jpg\" alt=\"foto av en plogbil fr\u00e5n Oy H Molander\" class=\"wp-image-101\" srcset=\"https:\/\/amar.yamedia.fi\/OyHMolander\/wordpress\/wp-content\/uploads\/2025\/03\/redigerad18-1024x768.jpg 1024w, https:\/\/amar.yamedia.fi\/OyHMolander\/wordpress\/wp-content\/uploads\/2025\/03\/redigerad18-300x225.jpg 300w, https:\/\/amar.yamedia.fi\/OyHMolander\/wordpress\/wp-content\/uploads\/2025\/03\/redigerad18-768x576.jpg 768w, https:\/\/amar.yamedia.fi\/OyHMolander\/wordpress\/wp-content\/uploads\/2025\/03\/redigerad18-1536x1152.jpg 1536w, https:\/\/amar.yamedia.fi\/OyHMolander\/wordpress\/wp-content\/uploads\/2025\/03\/redigerad18-1140x855.jpg 1140w, https:\/\/amar.yamedia.fi\/OyHMolander\/wordpress\/wp-content\/uploads\/2025\/03\/redigerad18.jpg 1600w\" sizes=\"auto, (max-width: 1024px) 100vw, 1024px\" \/><\/a><\/figure>\n<\/div>\n\n\n<p class=\"has-text-align-center\"><br>Idag arbetar \u00e4ven min son Johan i f\u00f6retaget, vilket inneb\u00e4r att vi nu har tredje generationen som tar \u00f6ver och f\u00f6r verksamheten fram\u00e5t. Vi \u00e4r stolta \u00f6ver v\u00e5r historia och ser med tillf\u00f6rsikt p\u00e5 framtiden, d\u00e4r vi forts\u00e4tter att erbjuda p\u00e5litliga och professionella tj\u00e4nster inom transport, grus- och sn\u00f6arbeten.<\/p>\n\n\n\n<p class=\"has-text-align-center\"><a href=\"https:\/\/amar.yamedia.fi\/OyHMolander\/wordpress\/\">Tillbaka till hemsidan<\/a><\/p>\n","protected":false},"excerpt":{"rendered":"<p>Det var min pappa, Hilding Molander, som lade grunden f\u00f6r v\u00e5rt familjef\u00f6retag n\u00e4r han \u00e5r 1951 k\u00f6pte sin f\u00f6rsta lastbil. Med h\u00e5rt arbete och stort engagemang byggde han successivt upp verksamheten, som till en b\u00f6rjan drevs som ett privatbolag i \u00d6sterbotten. Under de f\u00f6rsta decennierna var verksamheten fr\u00e4mst inriktad p\u00e5 transport, och f\u00f6retaget blev snabbt en etablerad akt\u00f6r i branschen. \u00c5r 1981 togs ett stort steg i f\u00f6retagets utveckling n\u00e4r det ombildades till kommanditbolaget Ky H Molander Kb. Vid den tiden hade min \u00e4ldsta bror redan b\u00f6rjat arbeta sida vid sida med v\u00e5r far, och tillsammans fortsatte de att utveckla verksamheten. Med \u00e5ren ut\u00f6kades f\u00f6retagets tj\u00e4nster f\u00f6r att m\u00f6ta kundernas behov. F\u00f6rutom transport b\u00f6rjade vi erbjuda grus- och sn\u00f6arbeten, vilket blev en viktig del av v\u00e5r verksamhet. Dessa tj\u00e4nster \u00e4r s\u00e4rskilt viktiga under de str\u00e4nga vintrarna i Kokkola, d\u00e4r vi hj\u00e4lper b\u00e5de f\u00f6retag och privatpersoner med sn\u00f6r\u00f6jning och halkbek\u00e4mpning. Under sommarhalv\u00e5ret arbetar vi mycket med leverans och spridning av grus och annat material f\u00f6r bygg- och anl\u00e4ggningsprojekt. N\u00e4r min far gick i pension fortsatte min bror att driva f\u00f6retaget, och han f\u00f6rvaltade det v\u00e4l fram till sin egen pensions\u00e5lder. \u00c5r 2014 tog jag \u00f6ver verksamheten, och i samband med detta ombildades bolaget till aktiebolaget Oy H Molander Ab. Genom att satsa p\u00e5 modern utrustning och ut\u00f6ka v\u00e5ra tj\u00e4nster har vi kunnat st\u00e4rka v\u00e5r position p\u00e5 marknaden i Kokkola, \u00d6sterbotten med omnejd. Idag arbetar \u00e4ven min son Johan i f\u00f6retaget, vilket inneb\u00e4r att vi nu har tredje generationen som tar \u00f6ver och f\u00f6r verksamheten fram\u00e5t. Vi \u00e4r stolta \u00f6ver v\u00e5r historia och ser med tillf\u00f6rsikt p\u00e5 framtiden, d\u00e4r vi forts\u00e4tter att erbjuda p\u00e5litliga och professionella tj\u00e4nster inom transport, grus- och sn\u00f6arbeten. Tillbaka till hemsidan<\/p>\n","protected":false},"author":1,"featured_media":0,"parent":0,"menu_order":0,"comment_status":"closed","ping_status":"closed","template":"","meta":{"footnotes":""},"class_list":["post-53","page","type-page","status-publish","hentry"],"yoast_head":"<!-- This site is optimized with the Yoast SEO plugin v24.7 - https:\/\/yoast.com\/wordpress\/plugins\/seo\/ -->\n<title>Historia fr\u00e5n \u00d6sterbotten - Oy H Molander<\/title>\n<meta name=\"description\" content=\"H\u00e4r kan du l\u00e4sa historien om v\u00e5r f\u00f6retag Oy H Molanderr\" \/>\n<meta name=\"robots\" content=\"index, follow, max-snippet:-1, max-image-preview:large, max-video-preview:-1\" \/>\n<link rel=\"canonical\" href=\"https:\/\/amar.yamedia.fi\/OyHMolander\/wordpress\/historia\/\" \/>\n<meta property=\"og:locale\" content=\"sv_SE\" \/>\n<meta property=\"og:type\" content=\"article\" \/>\n<meta property=\"og:title\" content=\"Historia fr\u00e5n \u00d6sterbotten - Oy H Molander\" \/>\n<meta property=\"og:description\" content=\"H\u00e4r kan du l\u00e4sa historien om v\u00e5r f\u00f6retag Oy H Molanderr\" \/>\n<meta property=\"og:url\" content=\"https:\/\/amar.yamedia.fi\/OyHMolander\/wordpress\/historia\/\" \/>\n<meta property=\"og:site_name\" content=\"Oy H Molander\" \/>\n<meta property=\"article:publisher\" content=\"https:\/\/www.facebook.com\/h.molander\" \/>\n<meta property=\"og:image\" content=\"https:\/\/amar.yamedia.fi\/OyHMolander\/wordpress\/wp-content\/uploads\/2025\/03\/redigerad6-1.jpg\" \/>\n\t<meta property=\"og:image:width\" content=\"2048\" \/>\n\t<meta property=\"og:image:height\" content=\"1536\" \/>\n\t<meta property=\"og:image:type\" content=\"image\/jpeg\" \/>\n<meta name=\"twitter:card\" content=\"summary_large_image\" \/>\n<meta name=\"twitter:label1\" content=\"Ber\u00e4knad l\u00e4stid\" \/>\n\t<meta name=\"twitter:data1\" content=\"3 minuter\" \/>\n<script type=\"application\/ld+json\" class=\"yoast-schema-graph\">{\"@context\":\"https:\/\/schema.org\",\"@graph\":[{\"@type\":\"WebPage\",\"@id\":\"https:\/\/amar.yamedia.fi\/OyHMolander\/wordpress\/historia\/\",\"url\":\"https:\/\/amar.yamedia.fi\/OyHMolander\/wordpress\/historia\/\",\"name\":\"Historia fr\u00e5n \u00d6sterbotten - Oy H Molander\",\"isPartOf\":{\"@id\":\"https:\/\/amar.yamedia.fi\/OyHMolander\/wordpress\/#website\"},\"primaryImageOfPage\":{\"@id\":\"https:\/\/amar.yamedia.fi\/OyHMolander\/wordpress\/historia\/#primaryimage\"},\"image\":{\"@id\":\"https:\/\/amar.yamedia.fi\/OyHMolander\/wordpress\/historia\/#primaryimage\"},\"thumbnailUrl\":\"https:\/\/amar.yamedia.fi\/OyHMolander\/wordpress\/wp-content\/uploads\/2025\/03\/redigerad6-1-1024x768.jpg\",\"datePublished\":\"2025-03-31T06:15:22+00:00\",\"description\":\"H\u00e4r kan du l\u00e4sa historien om v\u00e5r f\u00f6retag Oy H Molanderr\",\"breadcrumb\":{\"@id\":\"https:\/\/amar.yamedia.fi\/OyHMolander\/wordpress\/historia\/#breadcrumb\"},\"inLanguage\":\"sv-SE\",\"potentialAction\":[{\"@type\":\"ReadAction\",\"target\":[\"https:\/\/amar.yamedia.fi\/OyHMolander\/wordpress\/historia\/\"]}]},{\"@type\":\"ImageObject\",\"inLanguage\":\"sv-SE\",\"@id\":\"https:\/\/amar.yamedia.fi\/OyHMolander\/wordpress\/historia\/#primaryimage\",\"url\":\"https:\/\/amar.yamedia.fi\/OyHMolander\/wordpress\/wp-content\/uploads\/2025\/03\/redigerad6-1.jpg\",\"contentUrl\":\"https:\/\/amar.yamedia.fi\/OyHMolander\/wordpress\/wp-content\/uploads\/2025\/03\/redigerad6-1.jpg\",\"width\":2048,\"height\":1536},{\"@type\":\"BreadcrumbList\",\"@id\":\"https:\/\/amar.yamedia.fi\/OyHMolander\/wordpress\/historia\/#breadcrumb\",\"itemListElement\":[{\"@type\":\"ListItem\",\"position\":1,\"name\":\"Hem\",\"item\":\"https:\/\/amar.yamedia.fi\/OyHMolander\/wordpress\/\"},{\"@type\":\"ListItem\",\"position\":2,\"name\":\"Historia fr\u00e5n \u00d6sterbotten\"}]},{\"@type\":\"WebSite\",\"@id\":\"https:\/\/amar.yamedia.fi\/OyHMolander\/wordpress\/#website\",\"url\":\"https:\/\/amar.yamedia.fi\/OyHMolander\/wordpress\/\",\"name\":\"Oy H Molander\",\"description\":\"\",\"publisher\":{\"@id\":\"https:\/\/amar.yamedia.fi\/OyHMolander\/wordpress\/#organization\"},\"potentialAction\":[{\"@type\":\"SearchAction\",\"target\":{\"@type\":\"EntryPoint\",\"urlTemplate\":\"https:\/\/amar.yamedia.fi\/OyHMolander\/wordpress\/?s={search_term_string}\"},\"query-input\":{\"@type\":\"PropertyValueSpecification\",\"valueRequired\":true,\"valueName\":\"search_term_string\"}}],\"inLanguage\":\"sv-SE\"},{\"@type\":\"Organization\",\"@id\":\"https:\/\/amar.yamedia.fi\/OyHMolander\/wordpress\/#organization\",\"name\":\"Oy H Molander\",\"url\":\"https:\/\/amar.yamedia.fi\/OyHMolander\/wordpress\/\",\"logo\":{\"@type\":\"ImageObject\",\"inLanguage\":\"sv-SE\",\"@id\":\"https:\/\/amar.yamedia.fi\/OyHMolander\/wordpress\/#\/schema\/logo\/image\/\",\"url\":\"https:\/\/amar.yamedia.fi\/OyHMolander\/wordpress\/wp-content\/uploads\/2025\/03\/cropped-cropped-cropped-Untitled-design-2.png\",\"contentUrl\":\"https:\/\/amar.yamedia.fi\/OyHMolander\/wordpress\/wp-content\/uploads\/2025\/03\/cropped-cropped-cropped-Untitled-design-2.png\",\"width\":3374,\"height\":595,\"caption\":\"Oy H Molander\"},\"image\":{\"@id\":\"https:\/\/amar.yamedia.fi\/OyHMolander\/wordpress\/#\/schema\/logo\/image\/\"},\"sameAs\":[\"https:\/\/www.facebook.com\/h.molander\",\"https:\/\/www.hmolander.fi\",\"https:\/\/www.instagram.com\/oyhmolanderab\"]}]}<\/script>\n<!-- \/ Yoast SEO plugin. -->","yoast_head_json":{"title":"Historia fr\u00e5n \u00d6sterbotten - Oy H Molander","description":"H\u00e4r kan du l\u00e4sa historien om v\u00e5r f\u00f6retag Oy H Molanderr","robots":{"index":"index","follow":"follow","max-snippet":"max-snippet:-1","max-image-preview":"max-image-preview:large","max-video-preview":"max-video-preview:-1"},"canonical":"https:\/\/amar.yamedia.fi\/OyHMolander\/wordpress\/historia\/","og_locale":"sv_SE","og_type":"article","og_title":"Historia fr\u00e5n \u00d6sterbotten - Oy H Molander","og_description":"H\u00e4r kan du l\u00e4sa historien om v\u00e5r f\u00f6retag Oy H Molanderr","og_url":"https:\/\/amar.yamedia.fi\/OyHMolander\/wordpress\/historia\/","og_site_name":"Oy H Molander","article_publisher":"https:\/\/www.facebook.com\/h.molander","og_image":[{"width":2048,"height":1536,"url":"https:\/\/amar.yamedia.fi\/OyHMolander\/wordpress\/wp-content\/uploads\/2025\/03\/redigerad6-1.jpg","type":"image\/jpeg"}],"twitter_card":"summary_large_image","twitter_misc":{"Ber\u00e4knad l\u00e4stid":"3 minuter"},"schema":{"@context":"https:\/\/schema.org","@graph":[{"@type":"WebPage","@id":"https:\/\/amar.yamedia.fi\/OyHMolander\/wordpress\/historia\/","url":"https:\/\/amar.yamedia.fi\/OyHMolander\/wordpress\/historia\/","name":"Historia fr\u00e5n \u00d6sterbotten - Oy H Molander","isPartOf":{"@id":"https:\/\/amar.yamedia.fi\/OyHMolander\/wordpress\/#website"},"primaryImageOfPage":{"@id":"https:\/\/amar.yamedia.fi\/OyHMolander\/wordpress\/historia\/#primaryimage"},"image":{"@id":"https:\/\/amar.yamedia.fi\/OyHMolander\/wordpress\/historia\/#primaryimage"},"thumbnailUrl":"https:\/\/amar.yamedia.fi\/OyHMolander\/wordpress\/wp-content\/uploads\/2025\/03\/redigerad6-1-1024x768.jpg","datePublished":"2025-03-31T06:15:22+00:00","description":"H\u00e4r kan du l\u00e4sa historien om v\u00e5r f\u00f6retag Oy H Molanderr","breadcrumb":{"@id":"https:\/\/amar.yamedia.fi\/OyHMolander\/wordpress\/historia\/#breadcrumb"},"inLanguage":"sv-SE","potentialAction":[{"@type":"ReadAction","target":["https:\/\/amar.yamedia.fi\/OyHMolander\/wordpress\/historia\/"]}]},{"@type":"ImageObject","inLanguage":"sv-SE","@id":"https:\/\/amar.yamedia.fi\/OyHMolander\/wordpress\/historia\/#primaryimage","url":"https:\/\/amar.yamedia.fi\/OyHMolander\/wordpress\/wp-content\/uploads\/2025\/03\/redigerad6-1.jpg","contentUrl":"https:\/\/amar.yamedia.fi\/OyHMolander\/wordpress\/wp-content\/uploads\/2025\/03\/redigerad6-1.jpg","width":2048,"height":1536},{"@type":"BreadcrumbList","@id":"https:\/\/amar.yamedia.fi\/OyHMolander\/wordpress\/historia\/#breadcrumb","itemListElement":[{"@type":"ListItem","position":1,"name":"Hem","item":"https:\/\/amar.yamedia.fi\/OyHMolander\/wordpress\/"},{"@type":"ListItem","position":2,"name":"Historia fr\u00e5n \u00d6sterbotten"}]},{"@type":"WebSite","@id":"https:\/\/amar.yamedia.fi\/OyHMolander\/wordpress\/#website","url":"https:\/\/amar.yamedia.fi\/OyHMolander\/wordpress\/","name":"Oy H Molander","description":"","publisher":{"@id":"https:\/\/amar.yamedia.fi\/OyHMolander\/wordpress\/#organization"},"potentialAction":[{"@type":"SearchAction","target":{"@type":"EntryPoint","urlTemplate":"https:\/\/amar.yamedia.fi\/OyHMolander\/wordpress\/?s={search_term_string}"},"query-input":{"@type":"PropertyValueSpecification","valueRequired":true,"valueName":"search_term_string"}}],"inLanguage":"sv-SE"},{"@type":"Organization","@id":"https:\/\/amar.yamedia.fi\/OyHMolander\/wordpress\/#organization","name":"Oy H Molander","url":"https:\/\/amar.yamedia.fi\/OyHMolander\/wordpress\/","logo":{"@type":"ImageObject","inLanguage":"sv-SE","@id":"https:\/\/amar.yamedia.fi\/OyHMolander\/wordpress\/#\/schema\/logo\/image\/","url":"https:\/\/amar.yamedia.fi\/OyHMolander\/wordpress\/wp-content\/uploads\/2025\/03\/cropped-cropped-cropped-Untitled-design-2.png","contentUrl":"https:\/\/amar.yamedia.fi\/OyHMolander\/wordpress\/wp-content\/uploads\/2025\/03\/cropped-cropped-cropped-Untitled-design-2.png","width":3374,"height":595,"caption":"Oy H Molander"},"image":{"@id":"https:\/\/amar.yamedia.fi\/OyHMolander\/wordpress\/#\/schema\/logo\/image\/"},"sameAs":["https:\/\/www.facebook.com\/h.molander","https:\/\/www.hmolander.fi","https:\/\/www.instagram.com\/oyhmolanderab"]}]}},"_links":{"self":[{"href":"https:\/\/amar.yamedia.fi\/OyHMolander\/wordpress\/wp-json\/wp\/v2\/pages\/53","targetHints":{"allow":["GET"]}}],"collection":[{"href":"https:\/\/amar.yamedia.fi\/OyHMolander\/wordpress\/wp-json\/wp\/v2\/pages"}],"about":[{"href":"https:\/\/amar.yamedia.fi\/OyHMolander\/wordpress\/wp-json\/wp\/v2\/types\/page"}],"author":[{"embeddable":true,"href":"https:\/\/amar.yamedia.fi\/OyHMolander\/wordpress\/wp-json\/wp\/v2\/users\/1"}],"replies":[{"embeddable":true,"href":"https:\/\/amar.yamedia.fi\/OyHMolander\/wordpress\/wp-json\/wp\/v2\/comments?post=53"}],"version-history":[{"count":18,"href":"https:\/\/amar.yamedia.fi\/OyHMolander\/wordpress\/wp-json\/wp\/v2\/pages\/53\/revisions"}],"predecessor-version":[{"id":207,"href":"https:\/\/amar.yamedia.fi\/OyHMolander\/wordpress\/wp-json\/wp\/v2\/pages\/53\/revisions\/207"}],"wp:attachment":[{"href":"https:\/\/amar.yamedia.fi\/OyHMolander\/wordpress\/wp-json\/wp\/v2\/media?parent=53"}],"curies":[{"name":"wp","href":"https:\/\/api.w.org\/{rel}","templated":true}]}}